
-6
What is -3 + (-2 - -9) + -11 - -1?
-6
Calculate 30 + -33 + (-4 - -1) + 1.
-5
-56 - -55 - (-3 + -1)
3
Evaluate -2 - -2 - (-8 + (-1 - -4)).
5
1 - (2 + (-2 - (0 + -4)))
-3
What is the value of -5 - (6 - 0 - 6)?
-5
Calculate 6 + (-1 - 5 - 4).
-4
What is -1 + 1 - -3 - -3 - 3?
3
Calculate (2 - (3 - -2)) + 0.
-3
What is -5 + (-2 + 3 - (-1 - 3))?
0
Calculate 8 + -7 + -4 - -4.
1
(6 + -2 - (-10 - -10)) + -2
2
0 - (-3 + 6 - (5 + 1))
3
Calculate -135 + 144 + 1 + -7.
3
-1 - (-18 - -5 - -7)
5
Calculate -3 + -1 + 3 - 1.
-2
9 + -8 + 1 + -3
-1
What is the value of 12 - 6 - (6 - 1)?
1
Evaluate 3 - (0 - -2 - 0 - 3).
4
Calculate (10 - 5 - -1) + -1.
5
What is the value of 7 - -2 - (-4 - -12 - 6)?
7
Evaluate 4 - (6 - (11 + -4)).
5
What is (-7 - (0 - 1 - 3)) + 1?
-2
What is 2 + -3 + 3 + -8 + 2?
-4
What is the value of -55 + 45 - (-1 - 13)?
4
Evaluate -4 - (12 + -7 - (12 - 0)).
3
Evaluate -9 - (-4 + -1 + -3 + 5).
-6
8 + (1 - -5) + -11
3
What is the value of (1 - 6) + 17 + -8?
4
What is 9 + -4 - 8 - (2 + -1)?
-4
Evaluate 0 + -8 + 106 + -103.
-5
Calculate -71 + 61 + (3 - 0 - 0).
-7
Evaluate -2 - -2 - -1 - (-11 - -14).
-2
What is (-2 - (-2 + -1 + 2)) + -4?
-5
What is the value of -2 - ((-10 - -19) + -13)?
2
(5 - 14) + 10 + -3
-2
Evaluate 17 + -15 - (1 + 5 + -2).
-2
Calculate 9 - (-1 + 1) - (65 - 57).
1
0 - 1 - (-10 - -9)
0
Calculate (-2 - -5) + -10 + 2 + 2.
-3
Evaluate (-2 - 9) + (59 - 41).
7
Calculate 2 + (-9 - -2) + 0.
-5
What is the value of -3 + 5 + -2 - -7 - 6?
1
Calculate -138 + 134 + (1 - 1) + 11.
7
(2 - 4) + (-8 - 9) + 11
-8
Evaluate -8 - ((-4 - 3) + 4).
-5
-3 + -7 + 6 + -1
-5
27 - 30 - (1 + -9)
5
What is the value of 3 - 4 - -8 - (1 + 1)?
5
What is the value of 6 + (-6 - 0) + (-1 - -4)?
3
(1 + 1 - (1 + 5)) + 1
-3
What is the value of -9 + (-3 - -3) + 5?
-4
What is 4 - (11 - 7 - 2)?
2
What is the value of -12 - (13 + -38 + 4)?
9
What is the value of (-1 - -7) + (-48 - -40)?
-2
Calculate (-9 - (5 - 5 - 5)) + 9.
5
What is -2 + -3 + 7 + -1 - 7?
-6
Calculate 0 + 1 + 2 + (-2 - 2).
-1
Evaluate 3 + (0 + 4 - 4) + 0.
3
Evaluate 4 - 2 - (1 - 1 - 0).
2
What is (-8 - -8) + -1 + 0?
-1
What is the value of 7 + 1 + -10 - 1?
-3
What is the value of (-17 - -11) + 5 + 0 + -2?
-3
What is the value of -6 + 3 + 6 - 6?
-3
Calculate 3 - 1 - (40 - 36).
-2
What is the value of 2 + 5 + -4 + -4?
-1
-12 + 14 + 0 + 0
2
4 + -22 + 11 - -14
7
What is the value of (-3 - -13) + -2 - (19 + -18)?
7
Calculate (-10 - -2) + -58 + 72.
6
Calculate 1 + -2 + (1 - -7 - 12).
-5
Evaluate 1 + -4 + (3 - -5) + -10.
-5
What is the value of (-3 + 3 - -1) + -5 - -1?
-3
Evaluate -5 + 1 - (-6 + -2).
4
What is the value of (-6 - -2) + -7 - (-5 + 3)?
-9
(6 - (-1 - -2)) + (-171 - -161)
-5
Evaluate (33 - 33) + 10 + -3.
7
(-7 - -10) + 1 + 3
7
Calculate 1 + 9 + (-5 - 4).
1
Calculate (0 - 4 - -2) + 4.
2
What is the value of -7 + 8 + -3 + -2?
-4
What is the value of (12 - 5) + (-3 - 7) - 5?
-8
What is the value of 3 + -3 - -4 - 2?
2
What is the value of 0 - (-3 + (-1 + 3 - -1))?
0
What is the value of 3 + -4 - (17 - 16)?
-2
What is 9 - (5 + 13 + -5)?
-4
Calculate -1 - (0 - 4) - -1.
4
What is the value of 8 + (-9 - 6) + 2?
-5
What is -4 + 6 + (3 - 1)?
4
What is the value of -1 - 6 - (-3 - 6)?
2
Evaluate 2 + (0 - (-5 - -2)).
5
Evaluate (32 - 33) + (-4 - -1).
-4
(-4 + -2 - (-13 + 0)) + -7
0
What is -2 + (-4 - -2 - -3)?
-1
What is the value of 2 + -2 + -2 + -2?
-4
Calculate 28 + -19 + -1 + -2 + -2.
4
What is the value of (1 - 4) + 2 + (-2 - -4)?
1
Calculate -7 + 4 - (4 + -7).
0
-3 - -3 - (-7 + -14 + 13)
8
Calculate 0 + 0 + (6 - (5 - -4)).
-3
0 + 2 + 0 - -2
4
What is the value of (-8 - -7) + 4 - -3?
6
What is 5 + 0 + 8 + -4 + 0?
9
What is the value of 10 + -15 + 1 + 10?
6
What is the value of (-3 - -5) + 3 + (-3 - 0)?
2
Calculate 3 - 0 - (17 + -21).
7
-2 - (0 + (-5 - -3) - 1)
1
Evaluate -6 - (-6 - (6 - 3)).
3
Evaluate -6 - (9 + -8 - 4).
-3
5 + -6 + 2 + 3
4
What is the value of -2 + 8 - (6 + -5)?
5
Calculate -5 - (-6 - -2) - -5.
4
What is (-1 + 2 - -6) + -8?
-1
Calculate 5 - (0 + -2 - -4).
3
(7 - 8) + 3 - 6
-4
Calculate 0 + 1 + (-2 - (-5 - -1)).
3
What is -5 + 5 + -5 + 5?
0
(-2 - -4) + -1 + (-37 - -35)
-1
Calculate -5 + -4 + 11 - 8.
-6
Evaluate 5 - (6 + (3 - 4) + -3).
3
What is the value of 5 + 3 + (-11 - 0)?
-3
Evaluate -8 + (10 - (-1 + 7)).
-4
Evaluate -1 + (-8 - -9 - 0).
0
0 + 0 - ((4 - -5) + -9)
0
-9 + (1 - (-12 - 3))
7
What is the value of -4 + 2 + 0 + -3?
-5
Evaluate 0 + (0 - -1) + 0 + -6.
-5
Calculate 1 + -2 + -1 + 18 + -19.
-3
Evaluate (-3 + 8 + -3 - -2) + -1.
3
Calculate 5 + -4 + -3 + -2.
-4
Calculate -10 - (-7 + (10 - 6)).
-7
Evaluate -5 + (-16 - -30) + -7 + 0.
2
147 + -150 - (2 - (2 + 9))
6
Calculate -2 + -5 + (3 - (5 + -2)).
-7
Calculate 17 - 13 - (4 - -8 - -2).
-10
What is the value of 3 + 5 + -10 + 6?
4
Calculate 15 + -1 + -17 + (-14 - -24).
7
Evaluate -1 - (-2 - -3) - 1 - -3.
0
What is the value of 1 + 2 + (3 - (-2 + 5))?
3
What is the value of (-4 + 4 - -6) + -10?
-4
4 + -14 + 10 + 5
5
Evaluate -2 + -9 + 10 + 1 + 5.
5
What is the value of -4 - (-1 + (-2 - -1))?
-2
What is 8 + 8 + -17 + 3?
2
2 - (-3 + 3 + 2)
0
What is the value of -2 + (0 - (-8 + 4))?
2
What is the value of 1 - (7 - (2 - -1))?
-3
Evaluate -1 + (-1 - (-20 - -10)).
8
What is the value of (3 - 1 - 0) + 2?
4
What is (3 + 7 - 2) + -2?
6
-4 + (-3 - 1) + 47 + -38
1
-1 + -6 + 9 - 1
1
What is the value of ((-2 - -4) + 1 - 2) + 0?
1
What is -14 + 8 - (-7 - -4)?
-3
Evaluate (-1 - 0) + 0 + (-2 - 1).
-4
What is 7 + 0 + -2 + 128 + -125?
8
What is -1 + 0 - (0 + -6 + 10)?
-5
Calculate 1 - -4 - (-44 + 46).
3
4 - (0 - -9) - -4
-1
What is the value of -48 + 44 - (-6 - -1)?
1
What is the value of (-1 + 4 - (1 - -3)) + 4?
3
What is 4 - (-1 - 3 - (-2 + -1))?
5
What is the value of 0 - (-3 - -3 - 3)?
3
Evaluate (-3 - -6) + 2 + -4 + -7.
-6
What is -2 + 2 + (-8 - -3) + 11?
6
What is 1 - -3 - -1 - (3 - 1)?
3
Calculate 5 + (-2 - 2) - -4.
5
Evaluate (-2 - (0 - -3)) + 2.
-3
3 + -8 + 8 - 0
3
2 + -1 + (-3 - -7)
5
20 - 14 - (1 + (5 - 3))
3
Evaluate (-80 - -87) + (0 - 1) + -8.
-2
What is -29 - -19 - (-10 + -3)?
3
Calculate -11 - (6 + -13 + 4) - -2.
-6
3 + -10 + 4 + 5
2
Evaluate 0 + -2 + -2 + 0 + 2.
-2
Calculate (-1 - ((-3 - -2) + -4)) + -2.
2
Calculate 2 + 2 + -2 + 1.
3
Calculate (3 - 3 - -3) + (-3 - 2).
-2
Calculate -4 + -1 + 0 + 2 - 0.
-3
What is 6 - -1 - 4 - 7?
-4
Evaluate (-1 - -10) + -4 + -10.
-5
Calculate 4 + 0 - (8 + -4 - 3).
3
What is 4 + 1 + 6 - 20?
-9
Evaluate 3 + (-12 - -7) + -4.
-6
Evaluate -3 + (-1 - (-2 - 1)) + -2.
-3
What is 3 - (1 + (-4 - -6))?
0
Calculate 1 + -4 - (3 + -2).
-4
Evaluate (-8 + 17 + -7 - -5) + -9.
-2
What is the value of -3 - (3 + -4 + (-3 - -6))?
-5
Evaluate 5 + 2 + -5 + -6.
-4
What is the value of -5 + (-4 - -8) + -3?
-4
(6 - 5) + -4 - (-6 + -1)
4
What is the value of 7 + (-17 - -8) + 2?
0
What is the value of (6 - 1) + (-8 - -5)?
2
Calculate -3 + (8 - 3) + -3 + 2.
1
Evaluate -2 + -2 - -5 - (-6 - -2).
5
Calculate (3 - 5) + -2 - (11 + -17).
2
Evaluate -1 - 0 - (7 + -10).
2
Calculate (-1 + 1 + -2 - 1) + -1.
-4
Evaluate -1 - (13 - 5 - (4 - 0)).
-5
What is the value of -8 - (-16 + 6 - -6)?
-4
What is the value of 1 - (2 + (-1 - 1))?
1
Calculate -3 + 2 + (-3 - -4) + -3.
-3
What is the value of (23 - 23) + -1 + 1?
0
Calculate -1 - (5 + -7 + 5).
-4
What is the value of (-1 - 0 - -6 - 5) + 3?
3
What is the value of (-8 - (7 + -8)) + 0 - -9?
2
Evaluate 1 - (0 + 8 + -14).
7
What is -7 + 1 - (-2 + 1)?
-5
What is the value of (4 - 1) + (-1 - -8) + -10?
0
What is 8 - 1 - (6 - 4 - 0)?
5
What is the value of -19 + 9 + 13 - 9?
-6
What is ((4 - 2) + -5 - 4) + 8?
1
What is 3 + 0 + -4 + (-15 - -7)?
-9
What is the value of -9 + -8 + 19 + -1?
1
What is 1 + (-7 - -18 - 6)?
6
What is the value of 4 + -4 + (0 - (3 - -2))?
-5
Evaluate (-2 - (-2 + 1)) + -17 + 13.
-5
Calculate 3 - (-1 - (-2 + -4)).
-2
Calculate (1 - 0 - 1) + 3 - 2.
1
-2 - (9 + -5 + -2)
-4
Evaluate (-6 - 0) + 1 + 1.
-4
What is the value of (10 - 4) + -6 - (0 - -1)?
-1
(6 - 0) + (-5 - (1 - 4))
4
Evaluate -6 - (-3 - (-13 + 23)).
7
Evaluate -3 - (-3 + -6 - -11).
-5
Calculate 1 + 0 - (19 - 14).
-4
What is the value of -2 + (2 - (-3 + -3 + 2))?
4
Calculate 4 + 6 + -4 + -3 + 1.
4
What is -3 - 1 - 0 - (1 + -7)?
2
2 + (2 - 4 - -2)
2
What is the value of -2 - (-7 - (-5 + 2))?
2
Evaluate 2 + (-2 - (-5 + 11) -